14)) + (66 - 1)?
79
-16 + -70 + 56 + 36 + -15
-9
Evaluate 55 + (43 + -54 - (6 - -3)).
35
What is the value of (-7 - 79) + (64 - -37)?
15
(-42 + -3 - (-14 + (-18 - (-51 + 17)))) + 11
-36
-69 - (97 + 11 + -198)
21
(4 - (3 + -12)) + (3 - 13) + 30
33
6 + (0 - 10) + (2 - (-7 + 3 - 4))
6
Evaluate 195 + -116 + (-204 - -43).
-82
Calculate 1 + -14 + 1862 + -1867.
-18
What is 11 + -2 + (8 - (95 - (15 - 9 - 7)))?
-79
-3 + (4 - (-25 + 3)) - 84
-61
Evaluate -5 + -99 + 116 - (1 - -60).
-49
Evaluate -19 + (-64 - -55) + (-2 - -1).
-29
What is the value of -49 + -24 - (170 + -204)?
-39
Calculate -11 + 3 - -8 - (14 + 3 - 27).
10
Evaluate 73 - 50 - -44 - 49.
18
What is 2 - -1 - (36 - 36 - (3 - -3))?
9
What is 82 + -5 + (2 + (-17 - -30) - 29)?
63
Calculate 48 + 13 + -106 + 3.
-42
(-619 - -592) + 31 + 3 + -6
1
Evaluate 1 + 6 + 335 + -396 + 1 + 17.
-36
Evaluate (-1 - (1 - 1)) + 3 + (-62 - (53 + -40)).
-73
What is the value of 10 + (3 - (-20 + 15 + -3 + 19))?
2
-19 - (-11 + 19 + -27 - -3)
-3
(-152 - (-129 + -39)) + 1 + -52
-35
What is the value of -22 + 28 + (14 - 7) + -53?
-40
Evaluate -1 - (11 + (-1 - 24) + 10).
3
Calculate 1 + -1 + 0 + (-8 - -17) + -15 + -10.
-16
(2 - -11) + 888 + -880
21
Evaluate (-7 + 61 - (19 - 7)) + (-4 - -14) + -5.
47
-4 + (7 - (7 + -55)) + -1 - (0 - 0)
50
38 + -12 + 13 + -82
-43
What is -25 - (-53 + 19) - -56?
65
What is the value of -648 + 674 - (3 - -42)?
-19
What is the value of 71 - ((-4 - -2) + 12 + 22 + -39 + 7)?
71
What is the value of (70 - 77 - (3 - 0)) + (-82 - -30)?
-62
Calculate (-30 - -74) + -49 - (-2 + -45) - 13.
29
-26 - (-44 + -10) - 42
-14
What is 40 + (-39 - (28 + -23))?
-4
What is 1 + -6 + (-7 - -23) - 2 - -27?
36
Evaluate 1 - -5 - (105 - 112 - (-27 - 2)).
-16
21 - (-2 + -5 - (19 - 27) - 11)
31
What is (-45 - -38 - -42 - 33) + 133 + 0 + 1?
136
Calculate (-7 - (-6 + -5 + (9 - 9 - 3))) + 63.
70
What is -15 + (0 + -1 - (-10 + 46 - 57 - -27))?
-22
What is the value of 22 + (-70 - (48 - 52))?
-44
33 - (245 - 252 - (-14 + 4))
30
What is 11 - (60 + 27) - -110?
34
What is the value of 3 + (2 - 37) + -57 + (109 - 58)?
-38
What is the value of 156 - 164 - (-5 + 3 - -1)?
-7
What is 1475 - 1483 - (1 + 27)?
-36
Evaluate (-10 - -19) + 86 - (-15 - -28).
82
Evaluate 1076 + -979 + -1 + 6 - 28.
74
Calculate (0 - -183) + -6959 + 6845.
69
What is the value of (-27 - (-10 + -14)) + -5 + (-6 - (-7 + 4))?
-11
-74 + 91 + 70 - (43 - 5)
49
-36 - (-8 + (15 - 59))
16
What is the value of (10 + -78 + 33 - -26) + 31?
22
What is 20 - (-30 - 5) - 66 - (-128 - 1)?
118
What is (-94 - 54) + 194 + -27?
19
What is the value of 6 + 0 + (43 - ((-5 - -16) + 7))?
31
-12 + (4 - 5 - 20 - -11)
-22
Calculate 1 + 17 + (-1075 - -1051).
-6
Evaluate 74 - (64 - (30 + -21)).
19
What is 1 + -6 + (-32 + 0 - 0 - (-30 - -36))?
-43
Evaluate -20 - (-21 + 23 + -24 - 7) - -88.
97
Calculate -16 + -8 + (-3 + 2 + 1 - 6).
-30
What is the value of (-9 - (-40 + 104)) + 8?
-65
Calculate (1 - (21 + 1)) + -640 + 123 + 627.
89
What is (-4 - 17) + -6 - (839 - 825)?
-41
What is -6 - (6 + 10 + 5 + -23 + -2 + 8)?
-10
What is the value of 121 + 5 + 80 + -141?
65
Calculate 72 + 47 + -85 - 72.
-38
What is the value of -2797 + 2787 + (-14 + -2 - -3 - 2)?
-25
Calculate -21 + 1 + (20 - -5) - (26 - (4 - 5)).
-22
Evaluate -15 - (11 + (12 - (4 - -49))).
15
Evaluate -1 + 46 + -6 + -5 + 33 + -8.
59
Calculate 30 - ((223 - 135) + -15 + -4).
-39
What is -106 - (32 + -21 + -39 - -21) - 0?
-99
-11 - -1 - (99 + 7 + -85)
-31
Evaluate -23 - (10 - 13 - -3 - -3 - -10).
-36
-119 + 154 + 4 + (-15 - (-7 + 12))
19
Evaluate 35 - 4 - (85 + -91).
37
Calculate (17 - 130) + (-30 - -48).
-95
Calculate 18 - (60 + 14 + -18 + -3 + -5).
-30
Evaluate 43 + -123 - 34 - -127.
13
What is the value of (-3 - 8) + (-20 - -25) + (-1 - -23)?
16
What is the value of 45 + -1 - (22 + (-68 - -60))?
30
What is -115 + (6 - (-2 + 9) - -11 - 11)?
-116
What is (-15 - (1 + -8 + (-1 - -4))) + -3 + -108?
-122
What is -28 + (44 - -15) + (-10 - -18)?
39
6 + -1 + -1 - (-6 + -8 + (24 - -7))
-13
What is the value of -18 + 4 + (-23 - -42) + 2 + 0 + -34?
-27
What is -35 + (51 - -5) - -13?
34
Evaluate -26 - (33 + -41) - (1 + -1).
-18
-1 - -22 - (6 + -1 - (7 + -4 + -4))
15
What is the value of 60 + -83 - (16 - 50)?
11
What is the value of -1 + (50 - 11) + 0 + -10 - -13?
41
Evaluate 60 + (-14 - (4 + 14)) + -158.
-130
What is -27 - (10 - 5 - (-7 - (-4 - -5)))?
-40
Calculate (317 - 295) + (16 + 7 + -10 - -10).
45
Evaluate -29 + 0 + -19 + (411 - 404).
-41
Evaluate (-18 - (-46 - -2 - 7) - 18) + 78.
93
What is 1 - 6 - (-7 - (-98 - 2) - (7 - 1))?
-92
(-21 - -1) + -63 + 202 + -58
61
Calculate (12 - (-5 + -10)) + (-230 - -108).
-95
What is 18 + -6 + (5 + 9 + -5 - -22)?
43
What is (2 - -2) + 94 + -105 - -46 - 16?
23
Evaluate 423 + -358 + (0 - 2 - 20).
43
What is the value of (-4 - 3 - -1) + 15 + (13 - 13)?
9
What is the value of -43 - (0 + -1) - (-113 + 37 + 70)?
-36
What is the value of 10 + (8 - 1) + 50 + -24 + -5 + 17?
55
Evaluate -68 - 49 - -83 - -32.
-2
What is 7 - ((-18 - -10 - -13) + -26)?
28
-180 + 357 + -215 - (1 - -33)
-72
Calculate 90 + (31 - 131) + 20.
10
What is -43 + (-7 - (0 - 32)) - (-16 + -2)?
0
What is the value of -10 - ((98 - 132) + 3 + 0)?
21
Calculate (4 - (12 - 25 - 1)) + -8 + -13 + 70.
67
Evaluate 142 - (-9 - -7) - (-38 + -11 - -61).
132
Evaluate 61 + 24 + (-4 - 0) + 6 + -20.
67
Evaluate (-46 - (0 + 3) - (-8 - -19)) + 7.
-53
Calculate 41 + -41 + (-11 + 7 - 3) + -5.
-12
-12 + -4 - (0 - 33 - (970 + -994))
-7
-131 + 150 + (0 + -4 - (-104 - -120))
-1
-38 + (5 - -2) + -18 + 9 + 3
-37
What is the value of -8 + 21 + -166 + (-14 - -40) + -21?
-148
What is the value of -12 - ((-23 - -8) + -20) - 3?
20
What is (544 + -587 - (-44 + 3)) + 1 + (4 - 1)?
2
What is the value of (20 - 0 - (-38 + 17 + 38)) + -46?
-43
Calculate -134 - (-112 + -30 + 31).
-23
Evaluate -27 - ((4 - -9) + -41 + 29 + -6).
-22
Calculate (-23 - -1 - 4) + (543 - 532).
-15
What is -3 + 0 + -3 - (-7 + (-12 - 9 - -29))?
-7
What is the value of -1 + (60 - (14 + -12 - -1)) - 8?
48
What is -28 - (-21 - -79 - 150)?
64
What is -20 - (-56 + -17 + 18 + -25)?
60
Calculate (107 - 0 - -2) + 7160 + -7172.
97
Evaluate 42 + -48 - ((16 - 8 - 11) + -55).
52
Calculate 7 - -12 - (-16 - (0 - -11)).
46
(-11 - (-67 + 83)) + -58
-85
What is the value of (-6 - -11 - -14) + -35 + 17?
1
Evaluate (16 - (-3 - -9 - -19)) + -8 + -11.
-28
Evaluate -2 + -3 - (172 + -88) - -14.
-75
Evaluate (6 - (2 - 2)) + -3099 + 3157.
64
-52 + -2 + (31 + 11 + -80 - -28)
-64
Calculate (0 - 2 - 7) + 8 + -18 + 24 + -46.
-41
What is the value of -15 + 14 + (-30 - -13) + 15 - 66?
-69
(-11 - -5) + (3 - (0 - 9 - -17)) + 63
52
What is 3 + -3 + 25 + -866 + 870?
29
What is 12 - 1 - (281 + -274) - (-13 + 8)?
9
Calculate (28 - ((28 - 37) + 55)) + -15.
-33
What is the value of -28 + (-46 - -72 - (14 + -1))?
-15
35 - (-29 + -26 - -125)
-35
Evaluate 0 - ((12 - -6 - -37) + 5 + 3).
-63
What is the value of (-19 + 2 - (31 - 22)) + -26?
-52
Evaluate 28 + -13 + (88 - -4) + (-2 - (-1 - -1)).
105
Evaluate 1 + -48 + 14 + -15.
-48
-44 - (33 - 67) - (13 - (7 - 15))
-31
What is 29 - 1 - (-29 + 122 + 15)?
-80
-49 + 167 + -58 - 50
10
What is 30 + -3 - (-416 + 419) - -46?
70
Evaluate -8 + (-3 + -3 - -18) - (8 - 132 - -28).
100
Calculate 20 - -14 - 8 - ((2 - -6) + -12).
30
Evaluate 434 + -389 + (-4 - 0).
41
What is the value of (-106 + -32 - -230) + (-2 - -5) + -14?
81
What is 139 + (-13 - (-17 - ((16 - -6) + -37)))?
128
3 + -5 + -3 - (9 + -8) - (-482 + 491)
-15
What is (0 - -55) + (-7 - 31) + 23?
40
What is the value of -160 + 63 + 119 - (-3 - -113)?
-88
What is -3 - (-20 - 18) - (0 - (-9 + 4 - -16))?
46
What is 238 + 90 + -194 + (-2 + -2 - (0 - -2))?
128
What is the value of 3 + (10 - (10 + 5 - 35))?
33
What is the value of (-1 + -9 - (-21 + -42 - -53)) + (-5 - -3)?
-2
What is 3 + -3 + 40 + -90 + 35?
-15
Evaluate -19 + 26 - (3 - -3 - 2) - -7.
10
What is the value of 26 - (10 - (25 + 0 - 19))?
22
48 - (29 + -26 + 55)
-10
Evaluate (38 + -12 - -8) + (716 - 700).
50
What is the value of 0 + (0 - -7) + (-206 - (-4 + -118))?
-77
Calculate (-27 - (-203 - 18)) + -112.
82
91 + (69 - 158) + -86
-84
What is 88 + -10 + 5 + -9 + (2 - -11)?
87
Evaluate 0 + -10 - ((-977 - -963) + (1 - -141)).
-138
What is the value of 8 - 10 - 2 - 10 - -14 - (11 + -10)?
-1
Calculate 67 - 38